{"id":2416,"date":"2021-07-23T10:09:27","date_gmt":"2021-07-23T10:09:27","guid":{"rendered":"https:\/\/vmmobiliario.basic-dev.com\/?page_id=2416"},"modified":"2021-08-16T09:49:13","modified_gmt":"2021-08-16T09:49:13","slug":"contactos","status":"publish","type":"page","link":"https:\/\/vmmobiliario.com\/es\/contactos\/","title":{"rendered":"Contactos"},"content":{"rendered":"<h2 class=\"title-content\">Vitor Moreira Mobili\u00e1rio<\/h2>\n<h3 class=\"subtitle-content\">Direcci\u00f3n<\/h3>\n<p>Avenida de Campos, 362<br \/>\nVilela<br \/>\n4580-646 Paredes<br \/>\nPortugal<\/p>\n<h3 class=\"subtitle-content\">Tel\u00e9fono<\/h3>\n<p><a class=\"d-block\" href=\"tel:+351255873256\">+351 255 873 256<\/a><\/p>\n<h3 class=\"subtitle-content\">Fax<\/h3>\n<p>+351 255 892 832<\/p>\n<h3 class=\"subtitle-content\">Email<\/h3>\n<p><a class=\"d-block\" href=\"mailto:info@vmmobiliario.com\">info@vmmobiliario.com<\/a><\/p>\n","protected":false},"excerpt":{"rendered":"<p>Vitor Moreira Mobili\u00e1rio Direcci\u00f3n Avenida de Campos, 362 Vilela 4580-646 Paredes Portugal Tel\u00e9fono +351 255 873 256 Fax +351 255 892 832 Email info@vmmobiliario.com<\/p>\n","protected":false},"author":1,"featured_media":0,"parent":0,"menu_order":0,"comment_status":"closed","ping_status":"closed","template":"templates\/contactos.php","meta":{"footnotes":""},"class_list":["post-2416","page","type-page","status-publish","hentry"],"_links":{"self":[{"href":"https:\/\/vmmobiliario.com\/es\/wp-json\/wp\/v2\/pages\/2416","targetHints":{"allow":["GET"]}}],"collection":[{"href":"https:\/\/vmmobiliario.com\/es\/wp-json\/wp\/v2\/pages"}],"about":[{"href":"https:\/\/vmmobiliario.com\/es\/wp-json\/wp\/v2\/types\/page"}],"author":[{"embeddable":true,"href":"https:\/\/vmmobiliario.com\/es\/wp-json\/wp\/v2\/users\/1"}],"replies":[{"embeddable":true,"href":"https:\/\/vmmobiliario.com\/es\/wp-json\/wp\/v2\/comments?post=2416"}],"version-history":[{"count":2,"href":"https:\/\/vmmobiliario.com\/es\/wp-json\/wp\/v2\/pages\/2416\/revisions"}],"predecessor-version":[{"id":4720,"href":"https:\/\/vmmobiliario.com\/es\/wp-json\/wp\/v2\/pages\/2416\/revisions\/4720"}],"wp:attachment":[{"href":"https:\/\/vmmobiliario.com\/es\/wp-json\/wp\/v2\/media?parent=2416"}],"curies":[{"name":"wp","href":"https:\/\/api.w.org\/{rel}","templated":true}]}}

<h2 class="title-content">Vitor Moreira Mobiliário</h2>
<h3 class="subtitle-content">Dirección</h3>
<p>Avenida de Campos, 362<br />
Vilela<br />
4580-646 Paredes<br />
Portugal</p>
<h3 class="subtitle-content">Teléfono</h3>
<p><a class="d-block" href="tel:+351255873256">+351 255 873 256</a></p>
<h3 class="subtitle-content">Fax</h3>
<p>+351 255 892 832</p>
<h3 class="subtitle-content">Email</h3>
<p><a class="d-block" href="mailto:info@vmmobiliario.com">info@vmmobiliario.com</a></p>

<p>Vitor Moreira Mobiliário Dirección Avenida de Campos, 362 Vilela 4580-646 Paredes Portugal Teléfono +351 255 873 256 Fax +351 255 892 832 Email info@vmmobiliario.com</p>
